{"id":8850,"date":"2026-01-20T12:55:26","date_gmt":"2026-01-20T12:55:26","guid":{"rendered":"https:\/\/shop.radna-odjeca.com\/?post_type=product&#038;p=8850"},"modified":"2026-01-29T07:39:11","modified_gmt":"2026-01-29T07:39:11","slug":"niske-radne-cipele-sa-zastitnom-kapicom-ardor-s3","status":"publish","type":"product","link":"https:\/\/shop.radna-odjeca.com\/en\/product\/niske-radne-cipele-sa-zastitnom-kapicom-ardor-s3\/","title":{"rendered":"Niske radne cipele sa za\u0161titnom kapicom ARDOR S3"},"content":{"rendered":"<p>Gornji\u0161te &#8211; vegan NUVYA SKINYUM\u2122 &#8211; moderno, lagano i izdr\u017eljivo vegansko gornji\u0161te &#8211; prozra\u010dno i otporno na habanje<\/p>\n<p>Podstava \u2013 AEROLYUM\u2122 \u2013 napredna podstava koja omogu\u0107uje maksimalnu udobnost i prozra\u010dnost<\/p>\n<p>Ulo\u017eak \u2013 SOFTYUM\u2122 3D \u2013 trodimenzionalni ulo\u017eak koji se prilago\u0111ava obliku stopala \u2013 izvrsna amortizacija i udobnost<\/p>\n<p>Kapica &#8211; kompozitna LIBERYUM\u2122<\/p>\n<p>Me\u0111upotplat &#8211; FLEXYUM\u2122 &#8211; fleksibilni sloj koji osigurava izvrsnu amortizaciju i udobnost<\/p>\n<p>Potplat &#8211; LYFTOR\u2122 PU.2D sa LEVITARYUM\u2122 tehnologijom &#8211; apsorbira udarce, ravnomjerno raspore\u0111uje optere\u0107enje i smanjuje umor tijekom cijelog radnog dana<\/p>\n<p>Veli\u010dine: 35 &#8211; 48<\/p>\n<p>Norma: EN ISO 20345:2022 S3L FO SR, ESD u skladu s EN IEC 61340-4-3:2018<\/p>","protected":false},"excerpt":{"rendered":"<ul>\n<li>pouzdana sigurnosna cipela za profesionalnu uporabu, s <strong data-start=\"171\" data-end=\"204\">S3L za\u0161titom i ESD svojstvima<\/strong><\/li>\n<li>dizajnirana je za <strong data-start=\"224\" data-end=\"271\">maksimalnu udobnost, stabilnost i sigurnost<\/strong> tijekom dugog radnog dana, uz <strong data-start=\"302\" data-end=\"330\">lagan i prozra\u010dan dizajn<\/strong> koji smanjuje umor stopala<\/li>\n<\/ul>","protected":false},"featured_media":8853,"template":"","meta":[],"product_brand":[],"product_cat":[72,177],"product_tag":[],"class_list":{"0":"post-8850","1":"product","2":"type-product","3":"status-publish","4":"has-post-thumbnail","6":"product_cat-radna-i-zastitna-obuca","7":"product_cat-radne-cipele-niske","9":"first","10":"instock","11":"taxable","12":"shipping-taxable","13":"purchasable","14":"product-type-variable"},"yoast_head":"<!-- This site is optimized with the Yoast SEO plugin v27.5 - https:\/\/yoast.com\/product\/yoast-seo-wordpress\/ -->\n<title>Niske radne cipele sa za\u0161titnom kapicom ARDOR S3 - RADNA ODJE\u0106A<\/title>\n<meta name=\"robots\" content=\"index, follow, max-snippet:-1, max-image-preview:large, max-video-preview:-1\" \/>\n<link rel=\"canonical\" href=\"https:\/\/shop.radna-odjeca.com\/en\/product\/niske-radne-cipele-sa-zastitnom-kapicom-ardor-s3\/\" \/>\n<meta property=\"og:locale\" content=\"en_GB\" \/>\n<meta property=\"og:type\" content=\"article\" \/>\n<meta property=\"og:title\" content=\"Niske radne cipele sa za\u0161titnom kapicom ARDOR S3 - RADNA ODJE\u0106A\" \/>\n<meta property=\"og:description\" content=\"pouzdana sigurnosna cipela za profesionalnu uporabu, s S3L za\u0161titom i ESD svojstvima  dizajnirana je za maksimalnu udobnost, stabilnost i sigurnost tijekom dugog radnog dana, uz lagan i prozra\u010dan dizajn koji smanjuje umor stopala\" \/>\n<meta property=\"og:url\" content=\"https:\/\/shop.radna-odjeca.com\/en\/product\/niske-radne-cipele-sa-zastitnom-kapicom-ardor-s3\/\" \/>\n<meta property=\"og:site_name\" content=\"RADNA ODJE\u0106A\" \/>\n<meta property=\"article:modified_time\" content=\"2026-01-29T07:39:11+00:00\" \/>\n<meta property=\"og:image\" content=\"https:\/\/shop.radna-odjeca.com\/wp-content\/uploads\/2026\/01\/ARDOR-330-611460-S3L-ESD-3-scaled.jpg\" \/>\n\t<meta property=\"og:image:width\" content=\"2560\" \/>\n\t<meta property=\"og:image:height\" content=\"1618\" \/>\n\t<meta property=\"og:image:type\" content=\"image\/jpeg\" \/>\n<meta name=\"twitter:card\" content=\"summary_large_image\" \/>\n<meta name=\"twitter:label1\" content=\"Estimated reading time\" \/>\n\t<meta name=\"twitter:data1\" content=\"1 minute\" \/>\n<script type=\"application\/ld+json\" class=\"yoast-schema-graph\">{\"@context\":\"https:\\\/\\\/schema.org\",\"@graph\":[{\"@type\":\"WebPage\",\"@id\":\"https:\\\/\\\/shop.radna-odjeca.com\\\/product\\\/niske-radne-cipele-sa-zastitnom-kapicom-ardor-s3\\\/\",\"url\":\"https:\\\/\\\/shop.radna-odjeca.com\\\/product\\\/niske-radne-cipele-sa-zastitnom-kapicom-ardor-s3\\\/\",\"name\":\"Niske radne cipele sa za\u0161titnom kapicom ARDOR S3 - RADNA ODJE\u0106A\",\"isPartOf\":{\"@id\":\"https:\\\/\\\/shop.radna-odjeca.com\\\/#website\"},\"primaryImageOfPage\":{\"@id\":\"https:\\\/\\\/shop.radna-odjeca.com\\\/product\\\/niske-radne-cipele-sa-zastitnom-kapicom-ardor-s3\\\/#primaryimage\"},\"image\":{\"@id\":\"https:\\\/\\\/shop.radna-odjeca.com\\\/product\\\/niske-radne-cipele-sa-zastitnom-kapicom-ardor-s3\\\/#primaryimage\"},\"thumbnailUrl\":\"https:\\\/\\\/shop.radna-odjeca.com\\\/wp-content\\\/uploads\\\/2026\\\/01\\\/ARDOR-330-611460-S3L-ESD-3-scaled.jpg\",\"datePublished\":\"2026-01-20T12:55:26+00:00\",\"dateModified\":\"2026-01-29T07:39:11+00:00\",\"breadcrumb\":{\"@id\":\"https:\\\/\\\/shop.radna-odjeca.com\\\/product\\\/niske-radne-cipele-sa-zastitnom-kapicom-ardor-s3\\\/#breadcrumb\"},\"inLanguage\":\"en-GB\",\"potentialAction\":[{\"@type\":\"ReadAction\",\"target\":[\"https:\\\/\\\/shop.radna-odjeca.com\\\/product\\\/niske-radne-cipele-sa-zastitnom-kapicom-ardor-s3\\\/\"]}]},{\"@type\":\"ImageObject\",\"inLanguage\":\"en-GB\",\"@id\":\"https:\\\/\\\/shop.radna-odjeca.com\\\/product\\\/niske-radne-cipele-sa-zastitnom-kapicom-ardor-s3\\\/#primaryimage\",\"url\":\"https:\\\/\\\/shop.radna-odjeca.com\\\/wp-content\\\/uploads\\\/2026\\\/01\\\/ARDOR-330-611460-S3L-ESD-3-scaled.jpg\",\"contentUrl\":\"https:\\\/\\\/shop.radna-odjeca.com\\\/wp-content\\\/uploads\\\/2026\\\/01\\\/ARDOR-330-611460-S3L-ESD-3-scaled.jpg\",\"width\":2560,\"height\":1618},{\"@type\":\"BreadcrumbList\",\"@id\":\"https:\\\/\\\/shop.radna-odjeca.com\\\/product\\\/niske-radne-cipele-sa-zastitnom-kapicom-ardor-s3\\\/#breadcrumb\",\"itemListElement\":[{\"@type\":\"ListItem\",\"position\":1,\"name\":\"Po\u010detna stranica\",\"item\":\"https:\\\/\\\/shop.radna-odjeca.com\\\/\"},{\"@type\":\"ListItem\",\"position\":2,\"name\":\"Trgovina\",\"item\":\"https:\\\/\\\/shop.radna-odjeca.com\\\/trgovina\\\/\"},{\"@type\":\"ListItem\",\"position\":3,\"name\":\"Niske radne cipele sa za\u0161titnom kapicom ARDOR S3\"}]},{\"@type\":\"WebSite\",\"@id\":\"https:\\\/\\\/shop.radna-odjeca.com\\\/#website\",\"url\":\"https:\\\/\\\/shop.radna-odjeca.com\\\/\",\"name\":\"Jezerinac Webshop\",\"description\":\"RADNA ODJE\u0106A VISOKE KVALITETE\",\"publisher\":{\"@id\":\"https:\\\/\\\/shop.radna-odjeca.com\\\/#organization\"},\"potentialAction\":[{\"@type\":\"SearchAction\",\"target\":{\"@type\":\"EntryPoint\",\"urlTemplate\":\"https:\\\/\\\/shop.radna-odjeca.com\\\/?s={search_term_string}\"},\"query-input\":{\"@type\":\"PropertyValueSpecification\",\"valueRequired\":true,\"valueName\":\"search_term_string\"}}],\"inLanguage\":\"en-GB\"},{\"@type\":\"Organization\",\"@id\":\"https:\\\/\\\/shop.radna-odjeca.com\\\/#organization\",\"name\":\"JEZERINAC Radna odje\u0107a\",\"url\":\"https:\\\/\\\/shop.radna-odjeca.com\\\/\",\"logo\":{\"@type\":\"ImageObject\",\"inLanguage\":\"en-GB\",\"@id\":\"https:\\\/\\\/shop.radna-odjeca.com\\\/#\\\/schema\\\/logo\\\/image\\\/\",\"url\":\"https:\\\/\\\/shop.radna-odjeca.com\\\/wp-content\\\/uploads\\\/2020\\\/04\\\/logo.png\",\"contentUrl\":\"https:\\\/\\\/shop.radna-odjeca.com\\\/wp-content\\\/uploads\\\/2020\\\/04\\\/logo.png\",\"width\":254,\"height\":68,\"caption\":\"JEZERINAC Radna odje\u0107a\"},\"image\":{\"@id\":\"https:\\\/\\\/shop.radna-odjeca.com\\\/#\\\/schema\\\/logo\\\/image\\\/\"}}]}<\/script>\n<!-- \/ Yoast SEO plugin. -->","yoast_head_json":{"title":"Niske radne cipele sa za\u0161titnom kapicom ARDOR S3 - RADNA ODJE\u0106A","robots":{"index":"index","follow":"follow","max-snippet":"max-snippet:-1","max-image-preview":"max-image-preview:large","max-video-preview":"max-video-preview:-1"},"canonical":"https:\/\/shop.radna-odjeca.com\/en\/product\/niske-radne-cipele-sa-zastitnom-kapicom-ardor-s3\/","og_locale":"en_GB","og_type":"article","og_title":"Niske radne cipele sa za\u0161titnom kapicom ARDOR S3 - RADNA ODJE\u0106A","og_description":"pouzdana sigurnosna cipela za profesionalnu uporabu, s S3L za\u0161titom i ESD svojstvima  dizajnirana je za maksimalnu udobnost, stabilnost i sigurnost tijekom dugog radnog dana, uz lagan i prozra\u010dan dizajn koji smanjuje umor stopala","og_url":"https:\/\/shop.radna-odjeca.com\/en\/product\/niske-radne-cipele-sa-zastitnom-kapicom-ardor-s3\/","og_site_name":"RADNA ODJE\u0106A","article_modified_time":"2026-01-29T07:39:11+00:00","og_image":[{"width":2560,"height":1618,"url":"https:\/\/shop.radna-odjeca.com\/wp-content\/uploads\/2026\/01\/ARDOR-330-611460-S3L-ESD-3-scaled.jpg","type":"image\/jpeg"}],"twitter_card":"summary_large_image","twitter_misc":{"Estimated reading time":"1 minute"},"schema":{"@context":"https:\/\/schema.org","@graph":[{"@type":"WebPage","@id":"https:\/\/shop.radna-odjeca.com\/product\/niske-radne-cipele-sa-zastitnom-kapicom-ardor-s3\/","url":"https:\/\/shop.radna-odjeca.com\/product\/niske-radne-cipele-sa-zastitnom-kapicom-ardor-s3\/","name":"Niske radne cipele sa za\u0161titnom kapicom ARDOR S3 - RADNA ODJE\u0106A","isPartOf":{"@id":"https:\/\/shop.radna-odjeca.com\/#website"},"primaryImageOfPage":{"@id":"https:\/\/shop.radna-odjeca.com\/product\/niske-radne-cipele-sa-zastitnom-kapicom-ardor-s3\/#primaryimage"},"image":{"@id":"https:\/\/shop.radna-odjeca.com\/product\/niske-radne-cipele-sa-zastitnom-kapicom-ardor-s3\/#primaryimage"},"thumbnailUrl":"https:\/\/shop.radna-odjeca.com\/wp-content\/uploads\/2026\/01\/ARDOR-330-611460-S3L-ESD-3-scaled.jpg","datePublished":"2026-01-20T12:55:26+00:00","dateModified":"2026-01-29T07:39:11+00:00","breadcrumb":{"@id":"https:\/\/shop.radna-odjeca.com\/product\/niske-radne-cipele-sa-zastitnom-kapicom-ardor-s3\/#breadcrumb"},"inLanguage":"en-GB","potentialAction":[{"@type":"ReadAction","target":["https:\/\/shop.radna-odjeca.com\/product\/niske-radne-cipele-sa-zastitnom-kapicom-ardor-s3\/"]}]},{"@type":"ImageObject","inLanguage":"en-GB","@id":"https:\/\/shop.radna-odjeca.com\/product\/niske-radne-cipele-sa-zastitnom-kapicom-ardor-s3\/#primaryimage","url":"https:\/\/shop.radna-odjeca.com\/wp-content\/uploads\/2026\/01\/ARDOR-330-611460-S3L-ESD-3-scaled.jpg","contentUrl":"https:\/\/shop.radna-odjeca.com\/wp-content\/uploads\/2026\/01\/ARDOR-330-611460-S3L-ESD-3-scaled.jpg","width":2560,"height":1618},{"@type":"BreadcrumbList","@id":"https:\/\/shop.radna-odjeca.com\/product\/niske-radne-cipele-sa-zastitnom-kapicom-ardor-s3\/#breadcrumb","itemListElement":[{"@type":"ListItem","position":1,"name":"Po\u010detna stranica","item":"https:\/\/shop.radna-odjeca.com\/"},{"@type":"ListItem","position":2,"name":"Trgovina","item":"https:\/\/shop.radna-odjeca.com\/trgovina\/"},{"@type":"ListItem","position":3,"name":"Niske radne cipele sa za\u0161titnom kapicom ARDOR S3"}]},{"@type":"WebSite","@id":"https:\/\/shop.radna-odjeca.com\/#website","url":"https:\/\/shop.radna-odjeca.com\/","name":"Jezerinac Webshop","description":"RADNA ODJE\u0106A VISOKE KVALITETE","publisher":{"@id":"https:\/\/shop.radna-odjeca.com\/#organization"},"potentialAction":[{"@type":"SearchAction","target":{"@type":"EntryPoint","urlTemplate":"https:\/\/shop.radna-odjeca.com\/?s={search_term_string}"},"query-input":{"@type":"PropertyValueSpecification","valueRequired":true,"valueName":"search_term_string"}}],"inLanguage":"en-GB"},{"@type":"Organization","@id":"https:\/\/shop.radna-odjeca.com\/#organization","name":"JEZERINAC Radna odje\u0107a","url":"https:\/\/shop.radna-odjeca.com\/","logo":{"@type":"ImageObject","inLanguage":"en-GB","@id":"https:\/\/shop.radna-odjeca.com\/#\/schema\/logo\/image\/","url":"https:\/\/shop.radna-odjeca.com\/wp-content\/uploads\/2020\/04\/logo.png","contentUrl":"https:\/\/shop.radna-odjeca.com\/wp-content\/uploads\/2020\/04\/logo.png","width":254,"height":68,"caption":"JEZERINAC Radna odje\u0107a"},"image":{"@id":"https:\/\/shop.radna-odjeca.com\/#\/schema\/logo\/image\/"}}]}},"_links":{"self":[{"href":"https:\/\/shop.radna-odjeca.com\/en\/wp-json\/wp\/v2\/product\/8850","targetHints":{"allow":["GET"]}}],"collection":[{"href":"https:\/\/shop.radna-odjeca.com\/en\/wp-json\/wp\/v2\/product"}],"about":[{"href":"https:\/\/shop.radna-odjeca.com\/en\/wp-json\/wp\/v2\/types\/product"}],"wp:featuredmedia":[{"embeddable":true,"href":"https:\/\/shop.radna-odjeca.com\/en\/wp-json\/wp\/v2\/media\/8853"}],"wp:attachment":[{"href":"https:\/\/shop.radna-odjeca.com\/en\/wp-json\/wp\/v2\/media?parent=8850"}],"wp:term":[{"taxonomy":"product_brand","embeddable":true,"href":"https:\/\/shop.radna-odjeca.com\/en\/wp-json\/wp\/v2\/product_brand?post=8850"},{"taxonomy":"product_cat","embeddable":true,"href":"https:\/\/shop.radna-odjeca.com\/en\/wp-json\/wp\/v2\/product_cat?post=8850"},{"taxonomy":"product_tag","embeddable":true,"href":"https:\/\/shop.radna-odjeca.com\/en\/wp-json\/wp\/v2\/product_tag?post=8850"}],"curies":[{"name":"wp","href":"https:\/\/api.w.org\/{rel}","templated":true}]}}

Niske radne cipele sa zaštitnom kapicom ARDOR S3

<p>Gornjište &#8211; vegan NUVYA SKINYUM™ &#8211; moderno, lagano i izdržljivo vegansko gornjište &#8211; prozračno i otporno na habanje</p>
<p>Podstava – AEROLYUM™ – napredna podstava koja omogućuje maksimalnu udobnost i prozračnost</p>
<p>Uložak – SOFTYUM™ 3D – trodimenzionalni uložak koji se prilagođava obliku stopala – izvrsna amortizacija i udobnost</p>
<p>Kapica &#8211; kompozitna LIBERYUM™</p>
<p>Međupotplat &#8211; FLEXYUM™ &#8211; fleksibilni sloj koji osigurava izvrsnu amortizaciju i udobnost</p>
<p>Potplat &#8211; LYFTOR™ PU.2D sa LEVITARYUM™ tehnologijom &#8211; apsorbira udarce, ravnomjerno raspoređuje opterećenje i smanjuje umor tijekom cijelog radnog dana</p>
<p>Veličine: 35 &#8211; 48</p>
<p>Norma: EN ISO 20345:2022 S3L FO SR, ESD u skladu s EN IEC 61340-4-3:2018</p>

<ul>
<li>pouzdana sigurnosna cipela za profesionalnu uporabu, s <strong data-start="171" data-end="204">S3L zaštitom i ESD svojstvima</strong></li>
<li>dizajnirana je za <strong data-start="224" data-end="271">maksimalnu udobnost, stabilnost i sigurnost</strong> tijekom dugog radnog dana, uz <strong data-start="302" data-end="330">lagan i prozračan dizajn</strong> koji smanjuje umor stopala</li>
</ul>

<!-- This site is optimized with the Yoast SEO plugin v27.5 - https://yoast.com/product/yoast-seo-wordpress/ -->
<title>Niske radne cipele sa zaštitnom kapicom ARDOR S3 - RADNA ODJEĆA</title>
<meta name="robots" content="index, follow, max-snippet:-1, max-image-preview:large, max-video-preview:-1" />
<link rel="canonical" href="https://shop.radna-odjeca.com/en/product/niske-radne-cipele-sa-zastitnom-kapicom-ardor-s3/" />
<meta property="og:locale" content="en_GB" />
<meta property="og:type" content="article" />
<meta property="og:title" content="Niske radne cipele sa zaštitnom kapicom ARDOR S3 - RADNA ODJEĆA" />
<meta property="og:description" content="pouzdana sigurnosna cipela za profesionalnu uporabu, s S3L zaštitom i ESD svojstvima  dizajnirana je za maksimalnu udobnost, stabilnost i sigurnost tijekom dugog radnog dana, uz lagan i prozračan dizajn koji smanjuje umor stopala" />
<meta property="og:url" content="https://shop.radna-odjeca.com/en/product/niske-radne-cipele-sa-zastitnom-kapicom-ardor-s3/" />
<meta property="og:site_name" content="RADNA ODJEĆA" />
<meta property="article:modified_time" content="2026-01-29T07:39:11+00:00" />
<meta property="og:image" content="https://shop.radna-odjeca.com/wp-content/uploads/2026/01/ARDOR-330-611460-S3L-ESD-3-scaled.jpg" />
	<meta property="og:image:width" content="2560" />
	<meta property="og:image:height" content="1618" />
	<meta property="og:image:type" content="image/jpeg" />
<meta name="twitter:card" content="summary_large_image" />
<meta name="twitter:label1" content="Estimated reading time" />
	<meta name="twitter:data1" content="1 minute" />
<script type="application/ld+json" class="yoast-schema-graph">{"@context":"https:\/\/schema.org","@graph":[{"@type":"WebPage","@id":"https:\/\/shop.radna-odjeca.com\/product\/niske-radne-cipele-sa-zastitnom-kapicom-ardor-s3\/","url":"https:\/\/shop.radna-odjeca.com\/product\/niske-radne-cipele-sa-zastitnom-kapicom-ardor-s3\/","name":"Niske radne cipele sa zaštitnom kapicom ARDOR S3 - RADNA ODJEĆA","isPartOf":{"@id":"https:\/\/shop.radna-odjeca.com\/#website"},"primaryImageOfPage":{"@id":"https:\/\/shop.radna-odjeca.com\/product\/niske-radne-cipele-sa-zastitnom-kapicom-ardor-s3\/#primaryimage"},"image":{"@id":"https:\/\/shop.radna-odjeca.com\/product\/niske-radne-cipele-sa-zastitnom-kapicom-ardor-s3\/#primaryimage"},"thumbnailUrl":"https:\/\/shop.radna-odjeca.com\/wp-content\/uploads\/2026\/01\/ARDOR-330-611460-S3L-ESD-3-scaled.jpg","datePublished":"2026-01-20T12:55:26+00:00","dateModified":"2026-01-29T07:39:11+00:00","breadcrumb":{"@id":"https:\/\/shop.radna-odjeca.com\/product\/niske-radne-cipele-sa-zastitnom-kapicom-ardor-s3\/#breadcrumb"},"inLanguage":"en-GB","potentialAction":[{"@type":"ReadAction","target":["https:\/\/shop.radna-odjeca.com\/product\/niske-radne-cipele-sa-zastitnom-kapicom-ardor-s3\/"]}]},{"@type":"ImageObject","inLanguage":"en-GB","@id":"https:\/\/shop.radna-odjeca.com\/product\/niske-radne-cipele-sa-zastitnom-kapicom-ardor-s3\/#primaryimage","url":"https:\/\/shop.radna-odjeca.com\/wp-content\/uploads\/2026\/01\/ARDOR-330-611460-S3L-ESD-3-scaled.jpg","contentUrl":"https:\/\/shop.radna-odjeca.com\/wp-content\/uploads\/2026\/01\/ARDOR-330-611460-S3L-ESD-3-scaled.jpg","width":2560,"height":1618},{"@type":"BreadcrumbList","@id":"https:\/\/shop.radna-odjeca.com\/product\/niske-radne-cipele-sa-zastitnom-kapicom-ardor-s3\/#breadcrumb","itemListElement":[{"@type":"ListItem","position":1,"name":"Početna stranica","item":"https:\/\/shop.radna-odjeca.com\/"},{"@type":"ListItem","position":2,"name":"Trgovina","item":"https:\/\/shop.radna-odjeca.com\/trgovina\/"},{"@type":"ListItem","position":3,"name":"Niske radne cipele sa zaštitnom kapicom ARDOR S3"}]},{"@type":"WebSite","@id":"https:\/\/shop.radna-odjeca.com\/#website","url":"https:\/\/shop.radna-odjeca.com\/","name":"Jezerinac Webshop","description":"RADNA ODJEĆA VISOKE KVALITETE","publisher":{"@id":"https:\/\/shop.radna-odjeca.com\/#organization"},"potentialAction":[{"@type":"SearchAction","target":{"@type":"EntryPoint","urlTemplate":"https:\/\/shop.radna-odjeca.com\/?s={search_term_string}"},"query-input":{"@type":"PropertyValueSpecification","valueRequired":true,"valueName":"search_term_string"}}],"inLanguage":"en-GB"},{"@type":"Organization","@id":"https:\/\/shop.radna-odjeca.com\/#organization","name":"JEZERINAC Radna odjeća","url":"https:\/\/shop.radna-odjeca.com\/","logo":{"@type":"ImageObject","inLanguage":"en-GB","@id":"https:\/\/shop.radna-odjeca.com\/#\/schema\/logo\/image\/","url":"https:\/\/shop.radna-odjeca.com\/wp-content\/uploads\/2020\/04\/logo.png","contentUrl":"https:\/\/shop.radna-odjeca.com\/wp-content\/uploads\/2020\/04\/logo.png","width":254,"height":68,"caption":"JEZERINAC Radna odjeća"},"image":{"@id":"https:\/\/shop.radna-odjeca.com\/#\/schema\/logo\/image\/"}}]}</script>
<!-- / Yoast SEO plugin. -->

Niske radne cipele sa zaštitnom kapicom ARDOR S3 - RADNA ODJEĆA

pouzdana sigurnosna cipela za profesionalnu uporabu, s S3L zaštitom i ESD svojstvima  dizajnirana je za maksimalnu udobnost, stabilnost i sigurnost tijekom dugog radnog dana, uz lagan i prozračan dizajn koji smanjuje umor stopala

RADNA ODJEĆA

Početna stranica

RADNA ODJEĆA VISOKE KVALITETE

JEZERINAC Radna odjeća
